{"id":97,"date":"2022-06-04T11:31:23","date_gmt":"2022-06-04T11:31:23","guid":{"rendered":"https:\/\/elektro-beringer.de\/?page_id=97"},"modified":"2022-10-12T20:56:43","modified_gmt":"2022-10-12T20:56:43","slug":"impressum-datenschutz","status":"publish","type":"page","link":"https:\/\/elektro-beringer.de\/?page_id=97","title":{"rendered":"Impressum"},"content":{"rendered":"\t\t<div data-elementor-type=\"wp-page\" data-elementor-id=\"97\" class=\"elementor elementor-97\">\n\t\t\t\t\t\t<section class=\"elementor-section elementor-top-section elementor-element elementor-element-4e39552 elementor-section-boxed elementor-section-height-default elementor-section-height-default\" data-id=\"4e39552\" data-element_type=\"section\" data-e-type=\"section\">\n\t\t\t\t\t\t<div class=\"elementor-container elementor-column-gap-default\">\n\t\t\t\t\t<div class=\"elementor-column elementor-col-100 elementor-top-column elementor-element elementor-element-e3fc7e9\" data-id=\"e3fc7e9\" data-element_type=\"column\" data-e-type=\"column\">\n\t\t\t<div class=\"elementor-widget-wrap elementor-element-populated\">\n\t\t\t\t\t\t<div class=\"elementor-element elementor-element-1b90281 elementor-widget elementor-widget-image\" data-id=\"1b90281\" data-element_type=\"widget\" data-e-type=\"widget\" data-widget_type=\"image.default\">\n\t\t\t\t<div class=\"elementor-widget-container\">\n\t\t\t\t\t\t\t\t\t\t\t\t\t\t\t<img fetchpriority=\"high\" decoding=\"async\" width=\"617\" height=\"158\" src=\"https:\/\/elektro-beringer.de\/wp-content\/uploads\/2022\/06\/cropped-Logo_1zeilig.png\" class=\"attachment-large size-large wp-image-69\" alt=\"LOGO Elektro Beringer\" srcset=\"https:\/\/elektro-beringer.de\/wp-content\/uploads\/2022\/06\/cropped-Logo_1zeilig.png 617w, https:\/\/elektro-beringer.de\/wp-content\/uploads\/2022\/06\/cropped-Logo_1zeilig-300x77.png 300w\" sizes=\"(max-width: 617px) 100vw, 617px\" \/>\t\t\t\t\t\t\t\t\t\t\t\t\t\t\t<\/div>\n\t\t\t\t<\/div>\n\t\t\t\t<div class=\"elementor-element elementor-element-f33d60e elementor-widget elementor-widget-wp-widget-ocean_custom_header_nav\" data-id=\"f33d60e\" data-element_type=\"widget\" data-e-type=\"widget\" data-widget_type=\"wp-widget-ocean_custom_header_nav.default\">\n\t\t\t\t<div class=\"elementor-widget-container\">\n\t\t\t\t\t\r\n\t\t\t\t<div class=\"custom-header-nav clr center\">\r\n\r\n\t\t\t\t\t\t\t\t<div id=\"site-navigation-wrap\" class=\"no-top-border clr center-menu\">\n\t\t\t\n\t\t\t\n\t\t\t\t\t\t\t<div class=\"container clr\">\n\t\t\t\t\n\t\t\t<nav id=\"site-navigation\" class=\"navigation main-navigation clr\" itemscope=\"itemscope\" itemtype=\"https:\/\/schema.org\/SiteNavigationElement\" role=\"navigation\" >\n\n\t\t\t\t<ul id=\"menu-hauptmenue\" class=\"main-menu dropdown-menu sf-menu\"><li id=\"menu-item-12\" class=\"menu-item menu-item-type-custom menu-item-object-custom menu-item-12\"><a href=\"#LEISTUNGEN\" class=\"menu-link\"><span class=\"text-wrap\">LEISTUNGEN<\/span><\/a><\/li><li id=\"menu-item-13\" class=\"menu-item menu-item-type-custom menu-item-object-custom menu-item-13\"><a href=\"#UNSEREPARTNER\" class=\"menu-link\"><span class=\"text-wrap\">PARTNER<\/span><\/a><\/li><li id=\"menu-item-14\" class=\"menu-item menu-item-type-custom menu-item-object-custom menu-item-14\"><a href=\"#KONTAKT\" class=\"menu-link\"><span class=\"text-wrap\">KONTAKT<\/span><\/a><\/li><li class=\"search-toggle-li\" ><a href=\"https:\/\/elektro-beringer.de\/#\" class=\"site-search-toggle search-dropdown-toggle\"><span class=\"screen-reader-text\">Toggle website search<\/span><i class=\" icon-magnifier\" aria-hidden=\"true\" role=\"img\"><\/i><\/a><\/li><\/ul>\n<div id=\"searchform-dropdown\" class=\"header-searchform-wrap clr\" >\n\t\n<form apbct-form-sign=\"native_search\" aria-label=\"Search this website\" role=\"search\" method=\"get\" class=\"searchform\" action=\"https:\/\/elektro-beringer.de\/\">\t\n\t<input aria-label=\"Insert search query\" type=\"search\" id=\"ocean-search-form-1\" class=\"field\" autocomplete=\"off\" placeholder=\"Suche\" name=\"s\">\n\t\t<input\n                    class=\"apbct_special_field apbct_email_id__search_form\"\n                    name=\"apbct__email_id__search_form\"\n                    aria-label=\"apbct__label_id__search_form\"\n                    type=\"text\" size=\"30\" maxlength=\"200\" autocomplete=\"off\"\n                    value=\"\"\n                \/><input\n                   id=\"apbct_submit_id__search_form\" \n                   class=\"apbct_special_field apbct__email_id__search_form\"\n                   name=\"apbct__label_id__search_form\"\n                   aria-label=\"apbct_submit_name__search_form\"\n                   type=\"submit\"\n                   size=\"30\"\n                   maxlength=\"200\"\n                   value=\"8321\"\n               \/><\/form>\n<\/div><!-- #searchform-dropdown -->\n\n\t\t\t<\/nav><!-- #site-navigation -->\n\n\t\t\t\t\t\t\t<\/div>\n\t\t\t\t\n\t\t\t\n\t\t\t\t\t<\/div><!-- #site-navigation-wrap -->\n\t\t\t\n\t\t\n\t\n\t\n\t<div class=\"oceanwp-mobile-menu-icon clr mobile-right\">\n\n\t\t\n\t\t\n\t\t\n\t\t<a href=\"https:\/\/elektro-beringer.de\/#mobile-menu-toggle\" class=\"mobile-menu\"  aria-label=\"Mobiles Men\u00fc\">\n\t\t\t\t\t\t\t<i class=\"fa fa-bars\" aria-hidden=\"true\"><\/i>\n\t\t\t\t\t\t\t\t<span class=\"oceanwp-text\">Men\u00fc<\/span>\n\t\t\t\t<span class=\"oceanwp-close-text\">Schlie\u00dfen<\/span>\n\t\t\t\t\t\t<\/a>\n\n\t\t\n\t\t\n\t\t\n\t<\/div><!-- #oceanwp-mobile-menu-navbar -->\n\n\t\n\n<div id=\"mobile-dropdown\" class=\"clr\" >\n\n\t<nav class=\"clr\" itemscope=\"itemscope\" itemtype=\"https:\/\/schema.org\/SiteNavigationElement\">\n\n\t\t<ul id=\"menu-hauptmenue-1\" class=\"menu\"><li class=\"menu-item menu-item-type-custom menu-item-object-custom menu-item-12\"><a href=\"#LEISTUNGEN\">LEISTUNGEN<\/a><\/li>\n<li class=\"menu-item menu-item-type-custom menu-item-object-custom menu-item-13\"><a href=\"#UNSEREPARTNER\">PARTNER<\/a><\/li>\n<li class=\"menu-item menu-item-type-custom menu-item-object-custom menu-item-14\"><a href=\"#KONTAKT\">KONTAKT<\/a><\/li>\n<li class=\"search-toggle-li\" ><a href=\"https:\/\/elektro-beringer.de\/#\" class=\"site-search-toggle search-dropdown-toggle\"><span class=\"screen-reader-text\">Toggle website search<\/span><i class=\" icon-magnifier\" aria-hidden=\"true\" role=\"img\"><\/i><\/a><\/li><\/ul>\n<div id=\"mobile-menu-search\" class=\"clr\">\n\t<form aria-label=\"Search this website\" method=\"get\" action=\"https:\/\/elektro-beringer.de\/\" class=\"mobile-searchform\">\n\t\t<input aria-label=\"Insert search query\" value=\"\" class=\"field\" id=\"ocean-mobile-search-2\" type=\"search\" name=\"s\" autocomplete=\"off\" placeholder=\"Suche\" \/>\n\t\t<button aria-label=\"Suche abschicken\" type=\"submit\" class=\"searchform-submit\">\n\t\t\t<i class=\" icon-magnifier\" aria-hidden=\"true\" role=\"img\"><\/i>\t\t<\/button>\n\t\t\t\t\t<\/form>\n<\/div><!-- .mobile-menu-search -->\n\n\t<\/nav>\n\n<\/div>\n\r\n\t\t\t\t<\/div>\r\n\r\n\t\t\t\t\t\t\t<\/div>\n\t\t\t\t<\/div>\n\t\t\t\t\t<\/div>\n\t\t<\/div>\n\t\t\t\t\t<\/div>\n\t\t<\/section>\n\t\t\t\t<section class=\"elementor-section elementor-top-section elementor-element elementor-element-aead714 elementor-section-boxed elementor-section-height-default elementor-section-height-default\" data-id=\"aead714\" data-element_type=\"section\" data-e-type=\"section\">\n\t\t\t\t\t\t<div class=\"elementor-container elementor-column-gap-default\">\n\t\t\t\t\t<div class=\"elementor-column elementor-col-100 elementor-top-column elementor-element elementor-element-21622a49\" data-id=\"21622a49\" data-element_type=\"column\" data-e-type=\"column\">\n\t\t\t<div class=\"elementor-widget-wrap elementor-element-populated\">\n\t\t\t\t\t\t<div class=\"elementor-element elementor-element-bb6b060 elementor-widget elementor-widget-heading\" data-id=\"bb6b060\" data-element_type=\"widget\" data-e-type=\"widget\" data-widget_type=\"heading.default\">\n\t\t\t\t<div class=\"elementor-widget-container\">\n\t\t\t\t\t<h2 class=\"elementor-heading-title elementor-size-default\">IMPRESSUM<\/h2>\t\t\t\t<\/div>\n\t\t\t\t<\/div>\n\t\t\t\t<div class=\"elementor-element elementor-element-30a31da2 elementor-widget elementor-widget-text-editor\" data-id=\"30a31da2\" data-element_type=\"widget\" data-e-type=\"widget\" data-widget_type=\"text-editor.default\">\n\t\t\t\t<div class=\"elementor-widget-container\">\n\t\t\t\t\t\t\t\t\t<p><\/p>\n<p><\/p>\n<p><\/p>\n<p>Angaben<strong> gem. \u00a7 5 TMG:<\/strong><\/p>\n<p><\/p>\n<p><\/p>\n<p>Elektro Beringer<\/p>\n<p>G\u00fcntersgase 15<\/p>\n<p>97711 Poppenlauer<\/p>\n<p><strong>Vertreten durch:<\/strong><br>Steffen Beringer<\/p>\n<p><\/p>\n<p><\/p>\n<p><\/p>\n<p><\/p>\n<p><strong>Kontaktaufnahme:<\/strong><\/p>\n<p><\/p>\n<p><\/p>\n<p>Telefon: 09733 \/ 9282<\/p>\n<p><\/p>\n<p><\/p>\n<p><\/p>\n<p><\/p>\n<p>E-Mail: info@elektro-beringer.de<\/p>\n<p><\/p>\n<p><\/p>\n<p><strong>Umsatzsteuer-ID<\/strong><\/p>\n<p><\/p>\n<p><\/p>\n<p>Umsatzsteuer-Identifikationsnummer gem. \u00a7 27 a Umsatzsteuergesetz:<\/p>\n<p><\/p>\n<p><\/p>\n<p>205\/204\/40268<\/p>\n<p><\/p>\n<p><\/p>\n<p><\/p>\n<p><strong>Haftungsausschluss \u2013 Disclaimer:<\/strong><\/p>\n<p><\/p>\n<p><\/p>\n<p><strong>Haftung f\u00fcr Inhalte<\/strong><\/p>\n<p><\/p>\n<p><\/p>\n<p>Alle Inhalte unseres Internetauftritts wurden mit gr\u00f6\u00dfter Sorgfalt und nach bestem Gewissen erstellt. F\u00fcr die Richtigkeit, Vollst\u00e4ndigkeit und Aktualit\u00e4t der Inhalte k\u00f6nnen wir jedoch keine Gew\u00e4hr \u00fcbernehmen. Als Diensteanbieter sind wir gem\u00e4\u00df \u00a7 7 Abs.1 TMG f\u00fcr eigene Inhalte auf diesen Seiten nach den allgemeinen Gesetzen verantwortlich. Nach \u00a7\u00a7 8 bis 10 TMG sind wir als Diensteanbieter jedoch nicht verpflichtet, \u00fcbermittelte oder gespeicherte fremde Informationen zu \u00fcberwachen oder nach Umst\u00e4nden zu forschen, die auf eine rechtswidrige T\u00e4tigkeit hinweisen. Verpflichtungen zur Entfernung oder Sperrung der Nutzung von Informationen nach den allgemeinen Gesetzen bleiben hiervon unber\u00fchrt.<\/p>\n<p><\/p>\n<p><\/p>\n<p>Eine diesbez\u00fcgliche Haftung ist jedoch erst ab dem Zeitpunkt der Kenntniserlangung einer konkreten Rechtsverletzung m\u00f6glich. Bei Bekanntwerden von den o.g. Rechtsverletzungen werden wir diese Inhalte unverz\u00fcglich entfernen.<\/p>\n<p><\/p>\n<p><\/p>\n<p><\/p>\n<p><strong>Haftungsbeschr\u00e4nkung f\u00fcr externe Links<\/strong><\/p>\n<p><\/p>\n<p><\/p>\n<p>Unsere Webseite enth\u00e4lt Links auf externe Webseiten Dritter. Auf die Inhalte dieser direkt oder indirekt verlinkten Webseiten haben wir keinen Einfluss. Daher k\u00f6nnen wir f\u00fcr die \u201eexternen Links\u201c auch keine Gew\u00e4hr auf Richtigkeit der Inhalte \u00fcbernehmen. F\u00fcr die Inhalte der externen Links sind die jeweilige Anbieter oder Betreiber (Urheber) der Seiten verantwortlich.<\/p>\n<p><\/p>\n<p><\/p>\n<p>Die externen Links wurden zum Zeitpunkt der Linksetzung auf eventuelle Rechtsverst\u00f6\u00dfe \u00fcberpr\u00fcft und waren im Zeitpunkt der Linksetzung frei von rechtswidrigen Inhalten. Eine st\u00e4ndige inhaltliche \u00dcberpr\u00fcfung der externen Links ist ohne konkrete Anhaltspunkte einer Rechtsverletzung nicht m\u00f6glich. Bei direkten oder indirekten Verlinkungen auf die Webseiten Dritter, die au\u00dferhalb unseres Verantwortungsbereichs liegen, w\u00fcrde eine Haftungsverpflichtung ausschlie\u00dflich in dem Fall nur bestehen, wenn wir von den Inhalten Kenntnis erlangen und es uns technisch m\u00f6glich und zumutbar w\u00e4re, die Nutzung im Falle rechtswidriger Inhalte zu verhindern.<\/p>\n<p><\/p>\n<p><\/p>\n<p>Diese Haftungsausschlusserkl\u00e4rung gilt auch innerhalb des eigenen Internetauftrittes \u201e<em>elektro-beringer.de<\/em>\u201c gesetzten Links und Verweise von Fragestellern, Blogeintr\u00e4gern, G\u00e4sten des Diskussionsforums. F\u00fcr illegale, fehlerhafte oder unvollst\u00e4ndige Inhalte und insbesondere f\u00fcr Sch\u00e4den, die aus der Nutzung oder Nichtnutzung solcherart dargestellten Informationen entstehen, haftet allein der Diensteanbieter der Seite, auf welche verwiesen wurde, nicht derjenige, der \u00fcber Links auf die jeweilige Ver\u00f6ffentlichung lediglich verweist.<\/p>\n<p><\/p>\n<p><\/p>\n<p>Werden uns Rechtsverletzungen bekannt, werden die externen Links durch uns unverz\u00fcglich entfernt.<\/p>\n<p><\/p>\n<p><\/p>\n<p><\/p>\n<p><strong>Urheberrecht<\/strong><\/p>\n<p><\/p>\n<p><\/p>\n<p>Die auf unserer Webseite ver\u00f6ffentlichen Inhalte und Werke unterliegen dem deutschen Urheberrecht (<a href=\"http:\/\/www.gesetze-im-internet.de\/bundesrecht\/urhg\/gesamt.pdf\" target=\"_blank\" rel=\"noreferrer noopener\">http:\/\/www.gesetze-im-internet.de\/bundesrecht\/urhg\/gesamt.pdf<\/a>) . Die Vervielf\u00e4ltigung, Bearbeitung, Verbreitung und jede Art der Verwertung des geistigen Eigentums in ideeller und materieller Sicht des Urhebers au\u00dferhalb der Grenzen des Urheberrechtes bed\u00fcrfen der vorherigen schriftlichen Zustimmung des jeweiligen Urhebers i.S.d. Urhebergesetzes (<a href=\"http:\/\/www.gesetze-im-internet.de\/bundesrecht\/urhg\/gesamt.pdf\" target=\"_blank\" rel=\"noreferrer noopener\">http:\/\/www.gesetze-im-internet.de\/bundesrecht\/urhg\/gesamt.pdf<\/a>&nbsp;). Downloads und Kopien dieser Seite sind nur f\u00fcr den privaten und nicht kommerziellen Gebrauch erlaubt. Sind die Inhalte auf unserer Webseite nicht von uns erstellt wurden, sind die Urheberrechte Dritter zu beachten. Die Inhalte Dritter werden als solche kenntlich gemacht. Sollten Sie trotzdem auf eine Urheberrechtsverletzung aufmerksam werden, bitten wir um einen entsprechenden Hinweis. Bei Bekanntwerden von Rechtsverletzungen werden wir derartige Inhalte unverz\u00fcglich entfernen.<\/p>\n<p><\/p>\n<p><b>Bildnachweise 2022<br><\/b><\/p>\n<p>Header: \u00a9 <a href=\"https:\/\/pixabay.com\/de\/photos\/haus-schwimmbad-innenarchitektur-1477041\/\">Giovanni_cg&nbsp; \/ pixabay<\/a><b> <br><\/b><\/p>\n<p>KNX und Smart Home: \u00a9 <a href=\"https:\/\/pixabay.com\/de\/photos\/smart-home-haus-technik-multimedia-3574545\/\">geralt \/ pixabay<\/a> <\/p>\n<p>Lichttechnik: \u00a9 <a href=\"https:\/\/pixabay.com\/de\/photos\/haus-schwimmbad-innenarchitektur-1477041\/\">Giovanni_cg&nbsp; \/ pixabay<\/a><b> <br><\/b><\/p>\n<p>Reparaturservice: \u00a9 <a href=\"https:\/\/pixabay.com\/de\/photos\/elektriker-elektroinstallation-3273340\/\">Sid74 \/ pixabay<\/a><b> <br><\/b><\/p>\n<p>Baustrom: \u00a9 <a href=\"https:\/\/unsplash.com\/@shivendushukla\">Shivendu Shukla<\/a> \/ unsplash <\/p>\n<p>Photovoltaik und Speicher: \u00a9 <a href=\"https:\/\/pixabay.com\/de\/photos\/solar-dach-sonnenenergie-2666770\/\">RoyBuri \/ pixabay<\/a> <\/p>\n<p>Elektroinstallation: \u00a9 <a href=\"https:\/\/pixabay.com\/de\/photos\/elektrische-verdrahtung-elektrik-4198293\/\">image4you \/ pixabay<\/a> <\/p>\n<p>Haus- und K\u00fcchenger\u00e4te: \u00a9 <a href=\"https:\/\/pixabay.com\/de\/photos\/moderne-k%c3%bcche-haushaltsger%c3%a4te-herd-1772638\/\">PhotoMIX-Company \/ pixabay<\/a> <\/p>\n<p>Sat- und Antennenanlagen: \u00a9 <a href=\"https:\/\/pixabay.com\/de\/photos\/luft-antenne-kommunikation-digital-15669\/\">PublicDomainPictures \/ pixabay<\/a> <\/p>\n<p><\/p>\n<p>Logos:<\/p>\n<p>Fronius: \u00a9 Fronius International GmbH 2022<\/p>\n<p><strong>VARTA: <\/strong>\u00a9 VARTA AG 2022<\/p>\n<p>E-Partner: \u00a9 Sonepar Deutschland GmbH 2022<br><\/p>\n<p><\/p>\n<p><b>&nbsp;<br><\/b><\/p>\n<p><b>&nbsp;<\/b><\/p>\n<p><\/p>\t\t\t\t\t\t\t\t<\/div>\n\t\t\t\t<\/div>\n\t\t\t\t\t<\/div>\n\t\t<\/div>\n\t\t\t\t\t<\/div>\n\t\t<\/section>\n\t\t\t\t<\/div>\n\t\t","protected":false},"excerpt":{"rendered":"<p>IMPRESSUM Angaben gem. \u00a7 5 TMG: Elektro Beringer G\u00fcntersgase 15 97711 Poppenlauer Vertreten durch:Steffen Beringer Kontaktaufnahme: Telefon: 09733 \/ 9282 E-Mail: info@elektro-beringer.de Umsatzsteuer-ID Umsatzsteuer-Identifikationsnummer gem. \u00a7 27 a Umsatzsteuergesetz: 205\/204\/40268 Haftungsausschluss \u2013 Disclaimer: Haftung f\u00fcr Inhalte Alle Inhalte unseres Internetauftritts wurden mit gr\u00f6\u00dfter Sorgfalt und nach bestem Gewissen erstellt. F\u00fcr die Richtigkeit, Vollst\u00e4ndigkeit und Aktualit\u00e4t [&hellip;]<\/p>\n","protected":false},"author":1,"featured_media":0,"parent":0,"menu_order":0,"comment_status":"closed","ping_status":"closed","template":"elementor_header_footer","meta":{"ocean_post_layout":"","ocean_both_sidebars_style":"","ocean_both_sidebars_content_width":0,"ocean_both_sidebars_sidebars_width":0,"ocean_sidebar":"0","ocean_second_sidebar":"0","ocean_disable_margins":"enable","ocean_add_body_class":"","ocean_shortcode_before_top_bar":"","ocean_shortcode_after_top_bar":"","ocean_shortcode_before_header":"","ocean_shortcode_after_header":"","ocean_has_shortcode":"","ocean_shortcode_after_title":"","ocean_shortcode_before_footer_widgets":"","ocean_shortcode_after_footer_widgets":"","ocean_shortcode_before_footer_bottom":"","ocean_shortcode_after_footer_bottom":"","ocean_display_top_bar":"off","ocean_display_header":"off","ocean_header_style":"","ocean_center_header_left_menu":"0","ocean_custom_header_template":"0","ocean_custom_logo":0,"ocean_custom_retina_logo":0,"ocean_custom_logo_max_width":0,"ocean_custom_logo_tablet_max_width":0,"ocean_custom_logo_mobile_max_width":0,"ocean_custom_logo_max_height":0,"ocean_custom_logo_tablet_max_height":0,"ocean_custom_logo_mobile_max_height":0,"ocean_header_custom_menu":"0","ocean_menu_typo_font_family":"0","ocean_menu_typo_font_subset":"","ocean_menu_typo_font_size":0,"ocean_menu_typo_font_size_tablet":0,"ocean_menu_typo_font_size_mobile":0,"ocean_menu_typo_font_size_unit":"px","ocean_menu_typo_font_weight":"","ocean_menu_typo_font_weight_tablet":"","ocean_menu_typo_font_weight_mobile":"","ocean_menu_typo_transform":"","ocean_menu_typo_transform_tablet":"","ocean_menu_typo_transform_mobile":"","ocean_menu_typo_line_height":0,"ocean_menu_typo_line_height_tablet":0,"ocean_menu_typo_line_height_mobile":0,"ocean_menu_typo_line_height_unit":"","ocean_menu_typo_spacing":0,"ocean_menu_typo_spacing_tablet":0,"ocean_menu_typo_spacing_mobile":0,"ocean_menu_typo_spacing_unit":"","ocean_menu_link_color":"","ocean_menu_link_color_hover":"","ocean_menu_link_color_active":"","ocean_menu_link_background":"","ocean_menu_link_hover_background":"","ocean_menu_link_active_background":"","ocean_menu_social_links_bg":"","ocean_menu_social_hover_links_bg":"","ocean_menu_social_links_color":"","ocean_menu_social_hover_links_color":"","ocean_disable_title":"default","ocean_disable_heading":"default","ocean_post_title":"","ocean_post_subheading":"","ocean_post_title_style":"","ocean_post_title_background_color":"","ocean_post_title_background":0,"ocean_post_title_bg_image_position":"","ocean_post_title_bg_image_attachment":"","ocean_post_title_bg_image_repeat":"","ocean_post_title_bg_image_size":"","ocean_post_title_height":0,"ocean_post_title_bg_overlay":0.5,"ocean_post_title_bg_overlay_color":"","ocean_disable_breadcrumbs":"default","ocean_breadcrumbs_color":"","ocean_breadcrumbs_separator_color":"","ocean_breadcrumbs_links_color":"","ocean_breadcrumbs_links_hover_color":"","ocean_display_footer_widgets":"default","ocean_display_footer_bottom":"default","ocean_custom_footer_template":"0","footnotes":""},"class_list":["post-97","page","type-page","status-publish","hentry","entry"],"_links":{"self":[{"href":"https:\/\/elektro-beringer.de\/index.php?rest_route=\/wp\/v2\/pages\/97","targetHints":{"allow":["GET"]}}],"collection":[{"href":"https:\/\/elektro-beringer.de\/index.php?rest_route=\/wp\/v2\/pages"}],"about":[{"href":"https:\/\/elektro-beringer.de\/index.php?rest_route=\/wp\/v2\/types\/page"}],"author":[{"embeddable":true,"href":"https:\/\/elektro-beringer.de\/index.php?rest_route=\/wp\/v2\/users\/1"}],"replies":[{"embeddable":true,"href":"https:\/\/elektro-beringer.de\/index.php?rest_route=%2Fwp%2Fv2%2Fcomments&post=97"}],"version-history":[{"count":33,"href":"https:\/\/elektro-beringer.de\/index.php?rest_route=\/wp\/v2\/pages\/97\/revisions"}],"predecessor-version":[{"id":426,"href":"https:\/\/elektro-beringer.de\/index.php?rest_route=\/wp\/v2\/pages\/97\/revisions\/426"}],"wp:attachment":[{"href":"https:\/\/elektro-beringer.de\/index.php?rest_route=%2Fwp%2Fv2%2Fmedia&parent=97"}],"curies":[{"name":"wp","href":"https:\/\/api.w.org\/{rel}","templated":true}]}}